 the tens digit of l?
8
Suppose -4*u - 5*m + 2471 = 0, -4*u - 4*m + 1478 = -998. Let i = -272 + u. What is the tens digit of i?
5
Let o = -244 + 1609. Suppose 2441 + o = 22*b. What is the tens digit of b?
7
Suppose -3*x - 5*z + 170527 = 0, -18*x + 170530 = -15*x + 2*z. What is the thousands digit of x?
6
Suppose -10*n + 42930 = -6*n - s, 3*n - 32192 = -2*s. What is the ten thousands digit of n?
1
Let o(z) = 8*z**2 + 261*z + 400. Let k be o(-31). Let r = -2 - -3. What is the tens digit of 2 + k - r*(-1 + -133)?
3
Let d(f) = -293*f + 6915. What is the ten thousands digit of d(-123)?
4
Let b(l) = 2*l**3 + 101*l**2 - 125*l + 73. What is the thousands digit of b(-47)?
1
Let l(y) = -2*y - 25. Let n be 4/8 - 2/((-12)/(-69)). Let h be l(n). Let t(o) = 2*o**2 - o + 6. What is the tens digit of t(h)?
2
Suppose 33*w - 359222 = 93802. What is the tens digit of w?
2
Suppose -15*a + 3250 = 24250. Let s = 3088 + a. What is the thousands digit of s?
1
Let o(u) = -2*u**2 + 35*u + 18. Let a be o(18). Suppose 0*r - 5*r + 30 = a. Suppose 277 = 5*k + t - 0*t, r = -2*t. What is the tens digit of k?
5
What is the thousands digit of 33009 + (18 - 17)*20?
3
Suppose -a = 15 - 17. Suppose 5*p - t - 33 = -2*t, 0 = -p + a*t. Suppose 9*r - 270 = p*r. What is the units digit of r?
0
Suppose -5*s + 3*s = -3*y - 1, 3*y = -2*s + 7. Suppose 0 = -s*o + 7*o + 685. Let t = -25 - o. What is the units digit of t?
2
Let h = 2256 - 622. Suppose -2*l + l + 3*s = -416, 4*l + 3*s = h. What is the units digit of l?
0
What is the units digit of 1156870/39 + 40/15?
6
Let t(s) = 2*s + 28. Let y(p) = 2*p + 29. Let u(o) = 3*t(o) - 2*y(o). Let r be u(-8). Suppose 6 + r = 2*n. What is the units digit of n?
8
Let g(y) = -4*y**3 + 9*y**2 + 14*y + 2. Let u be g(-6). Suppose -6*o + u = -4*o - 3*k, 5*o - 3*k - 2747 = 0. What is the units digit of o?
7
Let f(z) = -1583*z + 483. What is the units digit of f(-7)?
4
Let j(w) = w + 21. Let x(o) = o**3 - 4*o**2 - 11*o - 2. Let a be x(6). Suppose a*u + 29 = -3. What is the units digit of j(u)?
3
Let h be 2*(0/2 - (-10)/20). Let y(u) = -u**3 + u**2 - 82. Let p be y(0). What is the tens digit of h - -3 - (p - -7)?
7
Let s(v) = 4*v**2 + 3*v + 1. Let z be s(-1). Suppose -6*j - 3818 = -3*g - 5*j, -2*j = -z*g + 2548. What is the hundreds digit of g?
2
Let f(k) = k**2 - 31*k - 10976. What is the hundreds digit of f(154)?
9
Suppose 75 = -11*m + 6*m. Let i be 29*3/6*-2. Let x = m - i. What is the units digit of x?
4
Let c = -58351 + 91698. What is the thousands digit of c?
3
Suppose -16*f + 19*f = 387. Let g be 1/(3/(-2))*-3. Suppose -g*x - 21 = -f. What is the units digit of x?
4
Suppose 2*i - 10 - 30 = 0. Let o(u) = 0*u + i*u**2 - 16 - u**3 + 7*u - 4*u + 23*u. What is the tens digit of o(21)?
8
Suppose 6 = 5*f - g, 6*g = 3*g + 12. Suppose f*a - 111 = 345. What is the tens digit of a?
2
Suppose -48 = -8*b + 4*b. Suppose 4*j + a = -b, 0 = -j - 3*a + 6*a - 16. What is the units digit of 4 + (1 + j - (-185 + 0))?
6
Let z = 586 + -619. Let v(x) = -3*x**2 - 107*x - 28. What is the tens digit of v(z)?
3
Let y be 334/(-6) + 1/(-3). Let m be (y/16)/((-3)/6). What is the units digit of (-4)/m*(-140)/40?
2
Suppose 2*r - c + 44 = 0, 0 = r - 7*c + 2*c + 31. Let j = -36 - r. Let b(s) = -s**3 - 14*s**2 + 3*s + 20. What is the tens digit of b(j)?
0
What is the tens digit of -9835*7/(-56)*8?
3
Suppose 1 = y - 3. Suppose 3 = -p + y*p. What is the units digit of p*284/12*3?
1
Let f be (-14)/(-105) + -2 + 208/15. Suppose 30*v - 26*v = f. Suppose 2*b - 2*k = v*b - 16, -8 = 4*k. What is the tens digit of b?
2
Suppose -150 = 5*l - 2*a, 0 = l + 5*a - a + 8. Let n = 64 + l. Let u = 17 + n. What is the units digit of u?
3
Let h = -18062 - -33780. What is the ten thousands digit of h?
1
Suppose -44*j = -55*j + 17699. What is the tens digit of j?
0
Suppose 122*f - 5118 = 16842. Suppose 3*j = -j - 492. Let b = j + f. What is the tens digit of b?
5
Suppose -36375 = -4*k + 125297. Let b be (-7)/5 - -2 - k/(-70). Suppose b = -5*t - 3*z + 1546, 770 = 4*t - 2*z. What is the hundreds digit of t?
1
Let i(q) = q**3 + 41*q**2 + 26*q - 1. What is the thousands digit of i(-39)?
2
Suppose -f + 27 = -4*p, 8*p = 7*p - f - 3. What is the units digit of p*(16/(-42) - (-20)/(-70))?
4
Let x = -32 - -34. Let a be 111/x + (-16)/(-32). Let y = a - 50. What is the units digit of y?
6
Suppose w - 127 = 63. Let t = 366 - w. What is the units digit of t?
6
What is the units digit of (-38)/570 + (-4118589)/(-135)?
8
Let l(b) = b**3 - b**2 - 6. Let n be l(0). Let f be 12/n*2/(-4). What is the units digit of 380/5 + f/1?
7
Suppose 5*m = -20, -3*r + m + 106670 = 5*m. What is the thousands digit of r?
5
Let y be 10/((-906)/909 + (-2 - -3)). Suppose -2871 = -21*l + y. What is the units digit of l?
1
Let d be -1*(3 + -3)*-1 - -1. Let w be -3 + d + (2 - -4). Suppose 2*j - 449 = -5*k, j - w*j + 184 = 2*k. What is the tens digit of k?
8
Let a(q) = -q**3 - 3*q**2 - 9*q - 11. Let c(p) = p**2 + 4*p + 2. Let d be c(-7). Let s = -28 + d. What is the units digit of a(s)?
4
Let s(i) be the third derivative of -i**6/120 - 13*i**5/60 - 7*i**4/12 - 3*i**3 - i**2 + 105. Let u = 5 + -17. What is the units digit of s(u)?
6
Suppose -2074051 = -131*o - 241835 + 2223413. What is the hundreds digit of o?
9
Let q(k) = 63*k**2 + 157*k + 1913. What is the units digit of q(-13)?
9
What is the units digit of (-4 - (-11)/2)*(4538 + 0)?
7
Let n be (-1 - -4)/(12/8). Suppose 5*q + 2692 = 8*q - n*i, 2*i + 10 = 0. What is the tens digit of q?
9
Suppose -5069 - 3805 = 3*d - 4*d. What is the hundreds digit of d?
8
Suppose 38*v = 670943 + 391526 - 188127. What is the tens digit of v?
0
Let d(h) = 257*h + 11734. What is the units digit of d(47)?
3
Suppose 15709 = 4*p + 2*d - 19299, d + 17504 = 2*p. What is the hundreds digit of p?
7
Let l(m) be the second derivative of m**5/24 - 5*m**4/24 + 19*m**3/6 + 15*m. Let d(q) be the second derivative of l(q). What is the tens digit of d(14)?
6
Let h(o) = 281*o**2 + 478*o + 15. What is the thousands digit of h(-14)?
8
Let d(o) = -o**3 + 9*o**2 - 14*o - 2. Let p be d(8). What is the units digit of ((-1)/(-5))/(p/375)*-126?
9
Let u = -220 - -491. Let f = 24 + u. What is the hundreds digit of f?
2
Suppose -3*r = 0, 3*z - 3*r + 495 = -r. Let p be 8/(-10)*z/22. Suppose p*o + 92 = 7*o - 4*u, 2*o - 234 = -2*u. What is the units digit of o?
2
Suppose 4*c - 7 = -c + 4*r, -20 = -4*c - 4*r. Let q be ((-1)/c - 1)*(-582)/4. Suppose 3*d - 574 - q = 0. What is the hundreds digit of d?
2
Let p = -171 + 3537. What is the thousands digit of p?
3
Let x(l) = 21*l - 3. Suppose 0*g = 6*g - 48. What is the hundreds digit of x(g)?
1
Suppose -2*r + 2*j = r - 55, 4*j = 2*r - 50. Suppose 0 = r*v + 47 - 17. What is the units digit of v/(-3) + (-199)/(-3)?
7
Let n(p) = 24*p**2 - 49*p - 282. What is the thousands digit of n(26)?
4
Let t = 61 - 86. Let s be ((-6)/(-5))/(((-10)/t)/(-1)). What is the units digit of (-3)/((-40)/(-14) + s)?
1
Let x be 10/(-85) - (5724/51)/(-2). What is the units digit of ((-30)/(-35))/(16/x)?
3
Suppose -2*n = 2*h - 9496 - 998, 0 = 4*h + 3*n - 20984. What is the units digit of h?
3
Let x be -4 - ((-12)/42 + (-110)/7). What is the hundreds digit of (-2)/(x/(-942)) - -3?
1
Let w be ((-7)/(-2) - 3)*16. Let y be (-2)/(-4) - 4/w. Suppose y*z - 2*z + 5*l + 380 = 0, 760 = 4*z - 2*l. What is the units digit of z?
0
Let o(b) = b**2 + 3*b + 14. Let y be o(10). Suppose -y = -14*p + 2*p. What is the tens digit of (-4)/(p/3) + 150 + 1?
5
Let v be ((-16)/24)/((-1)/3). Suppose -v*p - 5*b = -767, -5*p - 3*b = 2*b - 1895. What is the hundreds digit of p?
3
Let x(v) be the third derivative of v**5/10 - v**4/24 - 5*v**3/6 + 2*v**2. Let u(h) = h + 20. Let c be u(-22). What is the tens digit of x(c)?
2
Let f(u) = u**2 - 29*u - 3797. What is the units digit of f(-156)?
3
Suppose -w + 43 = -g, -4*g = -g - 3. Let z = 43 - 15. Suppose 6*r - w = z. What is the tens digit of r?
1
Let w = -369 + 374. Suppose -w*j - 1395 = -10*d + 8*d, 2*d - 1400 = 4*j. What is the hundreds digit of d?
7
Let x(q) = 77 - 39*q**2 + 42*q**2 - 66. Let t = -14 + 18. What is the units digit of x(t)?
9
What is the units digit of 22 + -26 - (1 + -5019)?
4
Suppose -4*a = -y + 25257, -189*y + 184*y = a - 126348. What is the tens digit of y?
6
Suppose -2*a - 6*k + 17312 